320
In base 2, what is 11001111011001 - -101?
11001111011110
In base 9, what is 0 + 51376?
51376
In base 9, what is 7 - -505058?
505066
In base 4, what is -12223 + 121232?
103003
In base 8, what is 2 + -3651761?
-3651757
In base 5, what is 31414 - -31?
32000
In base 6, what is 13 + 42505?
42522
In base 13, what is -4 + -230394?
-230398
In base 4, what is 2120323 + -3321?
2111002
In base 14, what is 70a - 31c?
3cc
In base 2, what is 110000000101 + -11100?
101111101001
In base 14, what is -220c + 56?
-2196
In base 15, what is 12 - -59e8?
5a0a
In base 6, what is -151030 + -5?
-151035
In base 4, what is 10111 + 2232?
13003
In base 14, what is 5c + dd?
15b
In base 4, what is 0 - -1301013031?
1301013031
In base 5, what is -1 - -2203442?
2203441
In base 13, what is 213 - 3797?
-3584
In base 16, what is -e0f - -108?
-d07
In base 6, what is 4023 - -3145?
11212
In base 2, what is 100 + 110001110010001011?
110001110010001111
In base 9, what is -2516 - -100?
-2416
In base 13, what is 2 - -79726?
79728
In base 6, what is -142334 + 21?
-142313
In base 16, what is -2af - -1cc?
-e3
In base 2, what is -111100110 - -11101?
-111001001
In base 4, what is 203 + -10030230?
-10030021
In base 7, what is 55450432 - -1?
55450433
In base 16, what is -282 + ee?
-194
In base 2, what is 1000 - 1000001000000101?
-1000000111111101
In base 16, what is -1 - c2617?
-c2618
In base 12, what is -349 - 13?
-360
In base 7, what is 43 + 321?
364
In base 4, what is -11 + -30023210?
-30023221
In base 15, what is 2 + 380d?
3810
In base 16, what is -ad98 - 2?
-ad9a
In base 5, what is 1430341 + -1?
1430340
In base 6, what is 432 + -5523?
-5051
In base 5, what is 23 - 1141413?
-1141340
In base 16, what is c + -4a3?
-497
In base 10, what is -75 + 8683?
8608
In base 6, what is 35 + -41523?
-41444
In base 13, what is -84970 - 1?
-84971
In base 3, what is -2100221212 - -21?
-2100221121
In base 8, what is -5 + 43714?
43707
In base 7, what is -154024 + -31?
-154055
In base 6, what is -12251 + 34?
-12213
In base 13, what is -1baa - 27?
-1c04
In base 4, what is -101330 + 0?
-101330
In base 11, what is -5 - 1a5314?
-1a5319
In base 13, what is -354 - -6a?
-2b7
In base 16, what is -23eaae - -1?
-23eaad
In base 5, what is -10 - 204032130?
-204032140
In base 6, what is 133244553 + -5?
133244544
In base 9, what is 6752 - 56?
6685
In base 16, what is -4 - 6d363?
-6d367
In base 10, what is -2098694 - 3?
-2098697
In base 6, what is -5532 - 22?
-5554
In base 7, what is 431 + -166665?
-166234
In base 3, what is 1110 + -1202201?
-1201021
In base 6, what is -2 + -524012?
-524014
In base 12, what is 2b8 - -576?
872
In base 16, what is -f - -26c8?
26b9
In base 12, what is -16b21 + -6?
-16b27
In base 7, what is -40306606 + -2?
-40306611
In base 3, what is -11010102 + -22201?
-11110010
In base 7, what is -10614435 - 4?
-10614442
In base 7, what is -15 + -153653?
-154001
In base 4, what is -202100212 - 10?
-202100222
In base 4, what is -1023 - 1323313?
-1331002
In base 16, what is 3 + -8c95?
-8c92
In base 2, what is -1100001000100 - -110?
-1100000111110
In base 6, what is 32 - 1014240?
-1014204
In base 10, what is -40144 + 2?
-40142
In base 5, what is 11040 + 1002?
12042
In base 6, what is 14 - -2411315?
2411333
In base 2, what is -1011010100111010101 + 101?
-1011010100111010000
In base 5, what is 1 - 2111312?
-2111311
In base 12, what is -b50 - -4a?
-b02
In base 9, what is 30622 - -17?
30640
In base 8, what is 4 - -433460?
433464
In base 15, what is 5 - d9b6?
-d9b1
In base 4, what is 11320 - -10?
11330
In base 5, what is 13 - 120020314?
-120020301
In base 3, what is 212 - -10120122?
10121111
In base 8, what is -6 - 613064?
-613072
In base 6, what is -325302 + 14?
-325244
In base 9, what is 7 + 486?
504
In base 9, what is -4 + 23680?
23675
In base 11, what is 312 + -1860?
-1549
In base 7, what is 4 + 4112651?
4112655
In base 9, what is -363885 + -1?
-363886
In base 4, what is 112020 + -21?
111333
In base 15, what is 4 - 2173?
-216e
In base 11, what is 78165 + 5?
7816a
In base 7, what is -215 + 3432?
3214
In base 2, what is -11 + 1001001011100000?
1001001011011101
In base 13, what is -15 + 1b98a?
1b975
In base 13, what is -1 - -3363?
3362
In base 3, what is 2221110021 - -111?
2221110202
In base 8, what is 1 - 56336?
-56335
In base 14, what is 4 + 704bc?
704c2
In base 6, what is -223240 - -24?
-223212
In base 4, what is 13033 + 310?
20003
In base 15, what is -4ae + 1?
-4ad
In base 7, what is -3 - 16514135?
-16514141
In base 3, what is 100 - 10111210000?
-10111202200
In base 5, what is -10 + -1244220?
-1244230
In base 6, what is -521 + -110530?
-111451
In base 11, what is -48 + -3a72?
-400a
In base 2, what is 100011101001101001 - 1?
100011101001101000
In base 2, what is -1010010 + 1101001101?
1011111011
In base 2, what is -10011000000000 - -10?
-10010111111110
In base 10, what is 34634 + 11?
34645
In base 4, what is 3003021 + -21?
3003000
In base 5, what is -3142 - -4144?
1002
In base 4, what is -13201 + -33113?
-112320
In base 15, what is -4 + 13ea?
13e6
In base 15, what is 1 - -3519?
351a
In base 4, what is -1130 + -23021?
-30211
In base 8, what is 1 + 6504?
6505
In base 13, what is 0 - -1ca4?
1ca4
In base 10, what is 723 + -1617?
-894
In base 3, what is 1212 - 11021101?
-11012112
In base 8, what is -66 + -1447?
-1535
In base 12, what is 2097 - -4?
209b
In base 7, what is -255 - -146?
-106
In base 15, what is 5a20 - -39?
5a59
In base 13, what is 4 - -117665?
117669
In base 4, what is 3 - 321122112?
-321122103
In base 15, what is -1ed + 14ab?
12ad
In base 4, what is 333120 - 313?
332201
In base 11, what is -3a + 6093?
6054
In base 6, what is -10015 + 24?
-5551
In base 13, what is 1522 + -44?
14ab
In base 12, what is -106784 + -5?
-106789
In base 3, what is 101010012 + 1120?
101011202
In base 15, what is -4e + -464?
-4b3
In base 11, what is -a + -10208?
-10217
In base 16, what is -f + 261?
252
In base 13, what is -331 - 7?
-338
In base 14, what is 1 - 9312?
-9311
In base 4, what is -3 - -123103320?
123103311
In base 4, what is -3112 + -1021300?
-1031012
In base 3, what is 1010002 - -111101?
1121110
In base 6, what is -35 + 23102?
23023
In base 14, what is -29 - 5b4?
-5dd
In base 9, what is -38 - 2287?
-2336
In base 8, what is 254 + -115?
137
In base 4, what is 212313 + 1230?
220203
In base 8, what is -750 - 73?
-1043
In base 2, what is -111000101 + 110001100101?
101010100000
In base 12, what is -26 + 14?
-12
In base 13, what is -71a35 + 7?
-71a2b
In base 16, what is 2 - -d242e?
d2430
In base 7, what is 11 + -505513?
-505502
In base 5, what is -1 - -24234?
24233
In base 12, what is -190 + 76?
-116
In base 13, what is 246 + 34?
27a
In base 3, what is 10 + 2112120200?
2112120210
In base 5, what is 31 - -140233?
140314
In base 3, what is -211 + 1010?
22
In base 12, what is 68 + 179?
225
In base 10, what is 2039 + 1?
2040
In base 7, what is 53 - -615340?
615423
In base 10, what is -5 - 33127?
-33132
In base 12, what is -26069 + 13?
-26056
In base 10, what is -16 - 59600?
-59616
In base 5, what is 310 + 2401240?
2402100
In base 8, what is 263 + -13340?
-13055
In base 2, what is -100 - 11000111111001?
-11000111111101
In base 9, what is 142441 + 4?
142445
In base 4, what is 20 - -1323300?
1323320
In base 8, what is 51 + -112?
-41
In base 12, what is 90 - -7538?
7608
In base 7, what is 1 - -32133?
32134
In base 2, what is -101 + -11111000110101?
-11111000111010
In base 3, what is -1020010 - 21211?
-1111221
In base 16, what is 2 - 4d365?
-4d363
In base 11, what is -675458 - -1?
-675457
In base 9, what is 2421 - 340?
2071
In base 7, what is 14313 - -153?
14466
In base 12, what is -4 + -43463?
-43467
In base 12, what is -344 + 156?
-1aa
In base 16, what is -c4 + -1081?
-1145
In base 6, what is 145445 + 3?
145452
In base 10, what is -146 - -183?
37
In base 2, what is 101000110 - 10001?
100110101
In base 12, what is -257 + -129?
-384
In base 15, what is 2 - -3048?
304a
In base 4, what is -122 - -102031?
101303
In base 3, what is -102 + 1122202?
1122100
In base 11, what is -54055 - 3?
-54058
In base 14, what is -2ab8b + 10?
-2ab7b
In base 12, what is -35b7b - 4?
-35b83
In base 6, what is -12 - -2034352?
2034340
In base 13, what is 5072 - -b?
5080
In base 11, what is 3 - -1775?
1778
In base 13, what is 30c - 14?
2c8
In base 6, w